. What is the units digit of x(j)?
9
Let t = -4 - -4. Suppose t*j - 2*j = -8. Suppose -4*w + 5*n + 28 = 0, 4*n - j - 31 = -5*w. What is the units digit of w?
7
Suppose -4*v + 2*v + 4*y = -50, 0 = v - 4*y - 15. What is the tens digit of v?
3
Let j(p) = p**3 - 4*p**2 + 3. Let m be j(5). Suppose r - m = -3*r. What is the units digit of r?
7
Suppose 0 = 3*j - 4*j. Let s = -12 + j. Let i = s - -20. What is the units digit of i?
8
What is the tens digit of -3*(-60)/(-9)*(-5 - -3)?
4
Let g be (0 - (2 - 1)) + 24. Let w = g + -16. Suppose 0 = 4*s + 3*q - 36, 3*q = s + w*q + 4. What is the units digit of s?
2
Let z = -312 - -598. What is the units digit of z?
6
Let o = -42 + 52. What is the units digit of o?
0
Let c be 6/3 + -3 - -61. Suppose 0 = -2*d + u + 24, -5*d + 2*u + c = 6*u. What is the units digit of d?
2
Suppose d = 2*w - 7*w - 40, 3*d = 0. What is the units digit of 6/24 + (-14)/w?
2
Suppose 5*n = 3*h + 598, 0*h = -n - 3*h + 134. Let g = -73 + n. What is the units digit of g?
9
Let c(p) = -2*p**3 + 3*p + 1. Suppose 4*o = 2*o - 4. What is the tens digit of c(o)?
1
Let u(i) = 9*i**2 + 23 + 4*i - 34 - 2*i - 2*i**3 + 3*i**3. Let f be u(-8). Suppose 5*d - 4*g = f + 18, 5*d = 2*g + 45. What is the units digit of d?
7
Let a(n) = -n + 1. Let o be a(-4). Suppose -2*g - o = -4*u - 7*g, 2*u - 4 = -4*g. Suppose u = -2*k - 2*k + 64. What is the tens digit of k?
1
Suppose 2*o - o = 0. Suppose o*i - 6 = 3*i. What is the units digit of (10/4)/(i/(-4))?
5
Let j be 16/3 - (-2)/(-6). Suppose 0 = -j*v + 82 - 27. What is the units digit of v?
1
Let j be ((-3)/(-5))/((-1)/(-10)). Let v = 17 - j. What is the tens digit of v?
1
Suppose -3*f + 6 = 0, 5*l - 4*l = 2*f. Suppose l*t - 33 = t. What is the units digit of t?
1
Let q = -4 + 10. What is the tens digit of 9/q*32/3?
1
Let u = -9 - -9. Suppose -b - 7 = y - 3*y, 4*b - y = u. What is the tens digit of (1 + 0)/(b/13)?
1
Suppose 9 = 5*x - 11. Suppose -2*d + x*c - 84 = -7*d, 5*c = -d + 21. What is the tens digit of d?
1
Let k = 392 + -265. What is the hundreds digit of k?
1
Suppose 0 = 3*m + 6, -4*v - 4*m + 1136 + 320 = 0. What is the tens digit of v?
6
Let w = -32 - -54. What is the tens digit of w?
2
Suppose 0 = -5*b + n + 70, n + 57 = -0*b + 4*b. Suppose 3*l - 55 = -b. What is the units digit of l?
4
Suppose -4*q + 6 + 2 = 0. Suppose -18 = -q*k + 4. What is the units digit of k?
1
Let z(a) = a**3 - 7*a**2 + 8*a + 5. Let s be 0/(-3 + 9 - 3). Suppose s = 2*c + c - 18. What is the units digit of z(c)?
7
Suppose 4*z = 5*t + 11, 10 = 3*z - 5*t + 3. What is the units digit of z?
4
Suppose -3*m + 186 + 69 = 0. What is the tens digit of m?
8
Suppose -2*l - 5*r + 0*r = -59, -4*l + 3*r + 79 = 0. What is the units digit of l?
2
Suppose 4*v + v = 40. Suppose -3*t = -4*t + v. What is the units digit of t?
8
Let v(p) = p**2 + 2*p + 5. Let h be v(-4). Let j = -12 + h. What is the units digit of j?
1
Let g(a) = -a + 8. Let u be g(4). Suppose u*b - 32 = 28. Suppose -5*i + 25 = -b. What is the units digit of i?
8
Suppose 0 = -4*z - 3*s + 783, -4*s + 6 = -6*s. What is the hundreds digit of z?
1
Let f(h) = -h**2 + h + 1. Let k(c) = 27*c**2 + 4*c + 5. Let b(a) = -4*f(a) + k(a). What is the tens digit of b(1)?
3
Suppose 3*w - 11 - 4 = 0. Suppose -22 = -5*d + 3*f, -2*d - 15 = -4*d - w*f. Suppose 10 + 0 = d*t. What is the units digit of t?
2
Let k(o) = -7*o**2 + 2. Let q(j) = -1 + 5*j**2 + 15*j**2 - 3 - 1. Let n(t) = 8*k(t) + 3*q(t). What is the units digit of n(2)?
7
Let t(i) = i**3 + 5*i**2 - i - 1. Let m be t(-5). Suppose b = 3*b - m. What is the units digit of (2 + 2 + -2)*b?
4
Let h(q) = q - 4. Let o be h(3). What is the units digit of (11 - 0)*(-1)/o?
1
Suppose -2401 = -4*z - 3*z. What is the units digit of z?
3
Suppose -6 = 4*m - 10. What is the units digit of m?
1
Let i(h) = -h**3 - 13*h**2 - 19*h - 15. What is the units digit of i(-12)?
9
Suppose 0 = 3*w - 0 - 9. Suppose -5*u - 9 = -3*t + 20, w*u = -3*t + 21. What is the units digit of t?
8
What is the units digit of (-3)/4 - 213/(-12)?
7
Let a be 2/(((-4)/98)/(-1)). Suppose a + 135 = 4*z. What is the tens digit of z?
4
Let f = -14 - -23. Let g(m) = m**3 - 4*m**2 + 2*m + 3. Let j be g(3). Suppose j*o - f = -o. What is the units digit of o?
9
Let f = 20 + -16. What is the units digit of f?
4
Suppose -5*b = -8*b + 9. Suppose 0 = -0*p - b*p + 9. What is the units digit of p?
3
Suppose 0 = -5*z + 506 + 74. What is the units digit of z?
6
Let o be 3/((-9)/(-2))*6. Suppose 0 = -h - o*y + 27, -h = -0*y + 3*y - 22. Suppose 35 = h*q - 2*q. What is the units digit of q?
7
Let g = 24 + -15. What is the units digit of g?
9
Suppose s - 4 + 1 = 0. Suppose -s*t + 0*p + 42 = -2*p, t - 2*p - 18 = 0. What is the tens digit of t?
1
Let q = 1 + 2. What is the units digit of 3/9*q + 5?
6
Let o(z) = -9*z + 1. Let n = -7 - -6. What is the units digit of o(n)?
0
What is the units digit of 6/(-3) + 4 + 4?
6
Suppose 26 = -q - 5*p, -4*q - 3*p + 4*p + 1 = 0. Suppose -2 = 4*u - 5*b + 3, 2*u + 7 = b. Let k = q - u. What is the units digit of k?
4
Let f be (-286)/(-33)*6/4. What is the units digit of 1*(4 + -3)*f?
3
Suppose 2*t = -3*q + 2*q + 24, 0 = 5*q + 3*t - 141. What is the units digit of q?
0
Suppose -5*z + 3*l = -0 - 9, -z = 4*l - 11. Let f(b) = 2*b + z*b**2 - 4*b**2 + 3*b - 3. What is the units digit of f(4)?
1
Let o(i) = 3*i**2 + i. Let t be o(1). Suppose 0*x + t*j + 19 = -x, 2*x - j = 7. What is the units digit of x?
1
Let y = 8 + -7. Let q be 1 + (-2 - -3)/y. Suppose -q*c = 5*r - 51, 3*r + 2*r - 64 = -3*c. What is the tens digit of c?
1
Suppose 0*s + s - 17 = 4*y, -s - 4*y = -33. What is the tens digit of 0 - -2 - (-4 - s)?
3
Let i(u) be the first derivative of u**3/3 + 3*u**2 - 2*u + 2. Let q be i(-5). Let h = -3 - q. What is the units digit of h?
4
Let s = 573 + -341. What is the hundreds digit of s?
2
Let g be 2 + 12 + 1*-2. Let s = 21 - g. What is the units digit of s?
9
Let j = -12 - -20. What is the units digit of j?
8
Suppose -g - 4 - 1 = -2*i, -4*g + 3*i = 5. Let h be 1*19 + (-2)/1. Suppose 0 = 2*u - h - g. What is the units digit of u?
9
Suppose -9*f + 5*f = -300. What is the tens digit of f?
7
Let j = 32 + -23. What is the units digit of j?
9
Let h(y) = 2 - 1 + 2 + y**2 - 2 - 5*y. What is the units digit of h(6)?
7
Let b(g) = 40*g - 11. What is the hundreds digit of b(6)?
2
What is the tens digit of 6*3/6 - -30?
3
Suppose 2*l + 22 = 4*f, 4*l = -4*f + 3 - 71. What is the tens digit of (-36)/1*l/20?
2
Suppose b = -3*d + 389, 4*d - 2*b = -3*b + 517. What is the tens digit of d?
2
Suppose 0 = -4*t + 14 + 18. What is the units digit of t?
8
Suppose -2*p = -3*p. Suppose -2*w + 5 + 1 = p. Suppose 0 = 3*c - 5*n - 4, 36 = w*c + 4*n - n. What is the units digit of c?
8
Let r(y) = -y**2 + 10*y + 5. Suppose -2*h + 10 = -10. What is the units digit of r(h)?
5
What is the tens digit of -5*((-22)/(-4))/((-5)/20)?
1
Let j be 11/(-3) - 5/15. What is the units digit of (-1*4)/(j/8)?
8
Let p(q) be the second derivative of 0 + 5/2*q**2 - 2*q - 1/3*q**3. What is the tens digit of p(-5)?
1
Let x = 18 - 11. What is the units digit of x?
7
Let l(k) = k**3 + 7*k**2 + 5*k - 8. Let y be l(-6). What is the units digit of 4/y + 1 + 2?
1
Let j(k) = -22*k - 1. Let f be j(-1). Let y = -48 + f. Let a = -15 - y. What is the tens digit of a?
1
Suppose 0*c - 2*c + 8 = 0. Suppose c*u - 8 = 12. What is the units digit of u?
5
Suppose 93 = 2*k + 3*d, 0 = 2*k - 6*k - d + 191. Suppose 10 - k = -2*o. What is the tens digit of o?
1
Let b(s) = -s - 2. Let y be b(-3). Let j be (1 + 2)/(y/(-2)). Let x(p) = -2*p - 6. What is the units digit of x(j)?
6
Suppose -2*p - 3*p + 150 = 0. Let i = p + -9. What is the units digit of i?
1
Let c = 10 - 8. Suppose 7*o + 4*t - 190 = c*o, o = -t + 39. What is the tens digit of o?
3
Suppose 3*i = -0*i - 6, -f - 4 = -i. Let t(d) = -3*d**2 + 3*d + 4. Let h be t(3). Let y = f - h. What is the units digit of y?
8
Let x(z) be the second derivative of -z**5/120 + 5*z**4/24 + z**3/2 - 3*z. Let k(m) be the second derivative of x(m). What is the units digit of k(-4)?
9
Suppose 46 - 31 = v. What is the tens digit of 156/v + (-2)/5?
1
Suppose 2*h + i = -3*h - 49, -2*h - 22 = i. Let s = h + 20. What is the units digit of s?
1
What is the units digit of 2/(-1) + 27 + -5?
0
Let z(k) be the first derivative of